nd y?
85
Let t(o) = o**3 + 7*o**2 - 5*o - 16. Let k be t(-7). Let d(v) = 124*v**2 - 15*v + 69. Let m be d(3). Calculate the greatest common divisor of k and m.
19
Let u be (-52)/(-6) + (-2)/3. Let g(d) = -d**3 + 22*d**2 - 20*d + 34. Let f be g(21). Suppose -f*c + 20 = -50*c. Calculate the highest common factor of c and u.
4
Let s(p) = 2*p**2 - p**2 - 2*p + 32 + 10. Suppose o - 4*b - 1 = 3, 3*o + 5*b + 5 = 0. Let d be s(o). Calculate the highest common factor of 56 and d.
14
Let z(r) = 2*r**2 + 22*r - 152. Let b be z(5). Calculate the greatest common factor of b and 512.
8
Suppose 0 = 4*i + i - g + 9, 0 = -2*i - g - 5. Let o be 49 + 2/i*3. Let k = o + -43. What is the highest common factor of k and 1?
1
Suppose 273 = -12*x + 1257. Suppose 2*d - x = -3*d + 3*z, 29 = 2*d - 5*z. What is the highest common factor of d and 153?
17
Let b = -6715 + 6745. Calculate the highest common factor of b and 642.
6
Let f be (62/3)/((-5)/(-15)). Let j(a) = a**3 + 12*a**2 + 10*a + 61. Let m be j(-6). Calculate the highest common factor of m and f.
31
Let y be ((-48129 - -9)/8)/(-1). What is the greatest common factor of y and 15?
15
Suppose 0 = -4*i - 3*h + 1423, 2*i - 2*h - 532 = 190. Let s = i - 164. Calculate the highest common divisor of 485 and s.
97
Let a be (-9 - -4 - -328) + 1. Suppose -c + 0 = 2, -4*r + 4*c = a. Let f = r - -115. Calculate the greatest common factor of 4 and f.
4
Suppose 3*o = 137 - 20. Let b(t) = -t**2 - 10*t + 69. Let h(y) = -8*y + 210. Let m be h(28). Let n be b(m). Calculate the greatest common factor of n and o.
13
Let q = 210 - 120. Let z = -8752 - -8812. Calculate the greatest common divisor of q and z.
30
Let z be 222/21 + (-48)/(-14) + -3. Suppose -7*v - 10 + 101 = 0. Let m = v - 12. Calculate the greatest common divisor of z and m.
1
Suppose 6*h - p = 33049, -40*p - 11015 = -2*h - 41*p. What is the greatest common factor of h and 136?
68
Let l(g) = -g**2 + 129*g - 1804. Let i be l(103). What is the greatest common divisor of i and 1564?
46
Let j be (-4374)/(-189) + -23 - 333/(-21). What is the highest common divisor of j and 1928?
8
Suppose -3*m - f = -6288, -52*f = -m - 55*f + 2096. Calculate the highest common factor of 304 and m.
16
Suppose 0 = 24*i + 6579 - 36243. What is the greatest common factor of i and 24?
12
Let f(d) = -269*d - 1820. Let p be f(-7). What is the greatest common divisor of p and 9219?
21
Let q = -83 - -135. Suppose -17*d = -13*d - q. What is the highest common divisor of d and 104?
13
Let r(g) = 6*g + 1. Let b be r(4). Let h(p) = -b - p + 51 - 19. Let a be h(-7). What is the greatest common factor of a and 14?
14
Let s = 60 - 57. Let a be 0 + s - -2*(-28)/2. Let g be (5 - (-95)/a)*5. Calculate the highest common factor of g and 21.
3
Suppose 136*q - 2526 = 45*q + 4572. Calculate the highest common divisor of q and 312.
78
Let l be ((-6)/2)/((-3)/14). Let t be (-4 - 11172/(-35)) + (-1)/5. Let b = -273 + t. Calculate the greatest common factor of b and l.
14
Let x(t) be the third derivative of -t**5/60 - 9*t**4/8 + 3*t**3 - 3*t**2 - 3. Let f be x(-9). Calculate the highest common divisor of 90 and f.
90
Let b(p) = -1373*p - 5203. Let u be b(-4). What is the greatest common factor of u and 153?
17
Let v(f) = -4*f + 39. Let j be v(0). Let s(p) = 272*p**3 + 2*p**2 + 5*p - 6. Let w be s(1). Calculate the highest common divisor of w and j.
39
Let h = 520 - 454. Suppose h*z = 36*z + 660. Calculate the greatest common divisor of 4 and z.
2
Let p(y) = -641*y + 263. Let v be p(-30). Calculate the greatest common factor of 193 and v.
193
Suppose -2*a + k + 43 = -29, 0 = -4*a - 5*k + 116. Let s be a/4*2 - 5. Suppose -3*p = -5*p + 48. Calculate the greatest common divisor of s and p.
12
Let k(t) = -2*t**3 - t**2 - 5*t - 11. Let c be k(-4). Suppose -c = -5*o + 44. Calculate the greatest common factor of o and 121.
11
Suppose 80*f - 186 = 1095 + 1919. Let x be (-5)/(-2)*72*1. What is the greatest common factor of f and x?
20
Suppose -f - 128 + 134 = 0. Let h = 372 + f. What is the greatest common factor of h and 42?
42
Let r be 17 - 19 - 1*-13. Let h(n) = n**2 - 14*n. Let x be h(14). Suppose x = 4*a + 8, 4*a + 32 = f - a. Calculate the greatest common divisor of r and f.
11
Suppose -6*d + 3996 + 4493 = 1955. What is the greatest common divisor of 198 and d?
99
Suppose 99 = 93*c - 1575. What is the greatest common divisor of c and 270?
18
Let d = -237 - -221. Let m be 5/((-34)/(-8) + 64/d). Calculate the greatest common divisor of 940 and m.
20
Let y(v) = -613 + 1166 - 20*v - 595 - v**2. Let z be y(-16). What is the greatest common factor of z and 154?
22
Let x = -1035 - -6229. Calculate the greatest common factor of 106 and x.
106
Suppose 0 = 5*w - 5*l, -4*w = -0*l + 4*l - 16. Let h(o) = 0*o - 4 + w*o + 3*o + o. Let x be h(2). What is the highest common factor of x and 2?
2
Let a = 393 - 391. Suppose -33540 = -28*f - a*f. Calculate the greatest common divisor of f and 86.
86
Let h(k) = k**3 + 33*k**2 + 3*k + 158. Let y be h(-26). Calculate the greatest common factor of 12 and y.
12
Let i be (28/(-8))/((-1)/2). Let q(p) = -11*p - 4 - 4 + 17*p**2 - 12*p**2 - 16*p. Let m be q(i). What is the highest common divisor of m and 384?
48
Let t(m) = m**2 - 8*m - 216. Let s be t(-13). Calculate the greatest common factor of 950 and s.
19
Suppose 49*u - 4 - 2348 = 0. What is the highest common factor of 3984 and u?
48
Let y be 39/6 - 25/10. Suppose -y*u + 1012 = 4*h, -887 = -3*h + 5*u - 152. What is the highest common factor of h and 10?
10
Let o(u) = 14*u**2 + u - 2. Let k be o(-2). Suppose 0 = -11*y + 8 - k. Let w be y/(-16) + 26/8*11. Calculate the greatest common factor of 18 and w.
18
Let r = 3 - 1. Suppose 0 = 7*c - r*c - 185. Suppose -1111 - 3033 = -7*j - 9*j. Calculate the highest common divisor of c and j.
37
Let m be (-4 + 768/(-20))*(-450)/12. Calculate the highest common factor of m and 30.
30
Let z be (0 - 3)*5/(30/(-64)). Let y = 30 - z. Let l be (-92)/(-4) + y - (-2 - -3). Calculate the greatest common factor of l and 220.
20
Let v be (-13)/((4/6)/((-174)/9)). Let u = v + -147. What is the highest common divisor of 92 and u?
46
Let l be 196/(-147)*2*-306. Calculate the highest common factor of 36 and l.
12
Let y be 138/9*(32 - 5). Suppose -4*v - 5*o - 682 = -259, 4*v + 2*o + y = 0. Let c be (-17)/v - 11/(-6). What is the greatest common factor of 2 and c?
2
Let i be -2 + (-4)/(-5*5/(-100)). Let o be -3*((-3)/(-1) + 276/i). Calculate the greatest common factor of 851 and o.
37
Let w = 401 - 357. Suppose y = 4*j - 3, j - 4*y = -3*y. Let s be j/((-3)/(-88))*3. Calculate the greatest common divisor of s and w.
44
Let c be ((-12)/(-8))/(-1)*-8. Let a(d) = -d**2 - 9*d - 10. Let t be a(-9). Let m be ((-144)/t)/(4/160*6). Calculate the highest common divisor of c and m.
12
Let o(f) = -346*f + 2478. Let k be o(7). Calculate the highest common factor of 1112 and k.
8
Let x(m) = 291*m + 950. Let g be x(-3). What is the greatest common divisor of 4609 and g?
11
Suppose -63*m - 3*m + 0*m = -14190. What is the greatest common factor of 10 and m?
5
Suppose -2*j = 5*o - 1202, 56*o = 54*o - 2*j + 482. Calculate the highest common divisor of o and 225.
15
Let n = -2773 - -7992. Calculate the greatest common divisor of 17 and n.
17
Let t = -254 + 229. Suppose 0 = 5*x - 3*z - 0*z + 184, -5*z - 48 = x. Let h = t - x. Calculate the greatest common factor of h and 13.
13
Let m = -389 + 1653. Calculate the greatest common divisor of 32 and m.
16
Suppose -4*l - 21 = p - 311, 2*l - 136 = 4*p. Suppose 0 = -29*j + 32*j - l. What is the greatest common divisor of 408 and j?
24
Let r = 95 - 68. Let g be (-4 + (-36)/(-8))*94/1. Suppose -f = 2*n - 51, 0 = 3*n + f - g - 31. Calculate the greatest common factor of r and n.
27
Let h be -7*1/(-7)*-7. Let a be (4/h)/2 - 216/(-21). What is the highest common divisor of a and 45?
5
Let p be (77/84 - 15/12)/(16/(-7392)). What is the highest common factor of p and 22?
22
Let x(u) be the first derivative of u**4/4 - 23*u**3/3 + 43*u**2/2 - 63*u - 229. Let w be x(22). What is the greatest common divisor of 21 and w?
21
Suppose 3*q - 2065 = 2*z, -5*z + 2*q = -z + 4118. Let n = 1754 + z. Calculate the highest common divisor of n and 33.
33
Let g = 2770 - 4299. Let v = 2168 + g. Calculate the greatest commo